
-3
Let b(a) = -a**2 + 3*a + 6. Determine b(-4).
-22
Let j(z) = -5*z + 30. Give j(6).
0
Let l(x) = x**3 + 9*x**2 + 6*x + 12. Give l(-8).
28
Let y(d) = -d**3 - 8*d**2 - 6*d + 20. Calculate y(-6).
-16
Let b(t) = t - 4. Calculate b(-3).
-7
Let b(d) = 3*d**2 - 4*d + 1. Determine b(-3).
40
Let y(q) = 3*q**2 + 15*q - 2. Determine y(-5).
-2
Let j(z) = z - 7. Give j(3).
-4
Let s(u) = u**2 - 4*u - 3. Calculate s(-2).
9
Let a(c) = 6*c + 13. Give a(-4).
-11
Let b(l) = 6*l - 49. Calculate b(8).
-1
Let b(n) = n**2 - 13*n + 7. Calculate b(5).
-33
Let z(x) = -2*x**2 + 11*x - 12. Give z(6).
-18
Let d(k) = k**2 - 3*k - 2. Calculate d(2).
-4
Let t(l) = -l**3 + 7*l**2 + 9*l + 1. Determine t(8).
9
Let q(k) = -k**3 + 15*k**2 - 58*k + 14. What is q(7)?
0
Let p(i) = 11*i - 28. Determine p(3).
5
Let l(k) = -3*k - 4. Determine l(6).
-22
Let q(i) = -5*i - 16. What is q(-11)?
39
Let z(i) = -i**2 - 8*i + 2. Calculate z(-5).
17
Let g(n) = n**2 - 4*n + 4. What is g(1)?
1
Let m(b) = -b**3 + 53*b**2 - 64*b + 621. What is m(52)?
-3
Let a(v) = -4*v + 107. Calculate a(20).
27
Let m(t) = 3*t**3 - 53*t**2 + 34*t + 4. What is m(17)?
4
Let x(r) = -3*r + 62. What is x(19)?
5
Let w(y) = 20*y + 88. What is w(-4)?
8
Let h(f) = f**3 + 7*f**2 - f - 8. Give h(-7).
-1
Let v(z) = -4*z - 70. Give v(-14).
-14
Let y(r) = -29*r - 4. What is y(0)?
-4
Let b(n) = 8*n + 92. Calculate b(-11).
4
Let t(y) = -9*y - 289. Determine t(-34).
17
Let j(n) = -2*n**2 - 12*n + 16. Calculate j(-7).
2
Let i(n) = 9*n - 138. What is i(21)?
51
Let b(r) = -2*r + 125. Calculate b(21).
83
Let w(y) = y**2 + 24*y + 13. Give w(-22).
-31
Let g(c) = -c**3 - 7*c**2 + 2*c + 1. Give g(-7).
-13
Let x(b) = 62*b**3 - 2*b**2 - b. Give x(-1).
-63
Let i(n) = 2*n. Determine i(5).
10
Let w(f) = f**3 - 4*f**2 - 3*f + 1. What is w(4)?
-11
Let k(a) = -a**3 - a**2 - 2*a + 5. Calculate k(-3).
29
Let b(p) = -6*p + 12. Give b(8).
-36
Let l(p) = -23*p - 20. What is l(-6)?
118
Let i(l) = l**3 - 4*l**2 + 5. Calculate i(4).
5
Let t(f) = 2*f**2 - 7*f + 42. Determine t(0).
42
Let q(k) = -12*k + 4. Give q(-2).
28
Let n(h) = h**2 - h + 13. Calculate n(4).
25
Let t(m) = m**2 - 10*m - 16. What is t(11)?
-5
Let l(n) = 21*n - 97. Determine l(5).
8
Let p(g) = -14*g - 84. Determine p(-9).
42
Let c(v) = -26*v - 58. Give c(-3).
20
Let o(m) = -m**3 - 19*m**2 + 23*m + 70. Give o(-20).
10
Let d(a) = -a**3 - 2*a**2 - 11*a - 23. Calculate d(-4).
53
Let s(d) = d**3 + 7*d**2 + 6*d - 2. Determine s(-6).
-2
Let h(y) = -y**3 + 2*y**2 - 20*y + 2. Give h(0).
2
Let p(r) = -2*r**2 + 41*r + 83. Give p(22).
17
Let k(m) = m**2 + 9*m + 11. Determine k(-8).
3
Let k(s) = 12*s - 12. Determine k(2).
12
Let a(m) = -3*m + 12. Give a(13).
-27
Let c(d) = 7*d - 1. Calculate c(3).
20
Let q(k) = 9*k - 13. What is q(3)?
14
Let x(a) = -a**3 - 17*a**2 - a - 8. Give x(-17).
9
Let j(o) = -9*o**3 - 3*o**2 - o + 1. Determine j(-2).
63
Let m(f) = -f**2 + 4*f - 6. What is m(7)?
-27
Let m(f) = 10*f - 2. Give m(-5).
-52
Let l(s) = -13*s - 190. Give l(-13).
-21
Let d(f) = 5*f. What is d(6)?
30
Let s(p) = 4*p + 8. Give s(-4).
-8
Let t(b) = 2*b - 35. What is t(9)?
-17
Let q(j) = j**3 + 7*j**2 + 7*j + 7. Determine q(-6).
1
Let x(n) = -113*n + 575. Calculate x(5).
10
Let j(k) = -5*k + 284. Give j(56).
4
Let i(d) = 3*d**2 + 2*d - 9. What is i(-4)?
31
Let c(m) = -m**3 - 7*m**2 + 5*m + 29. Determine c(-7).
-6
Let n(u) = 5*u + 73. Give n(-20).
-27
Let f(p) = -p**2 - 9*p + 9. What is f(-9)?
9
Let u(y) = -y**3 - 2*y**2 + 15*y - 11. What is u(-5)?
-11
Let m(j) = j**2 - 3*j + 1. Calculate m(-5).
41
Let z(f) = 3*f**2 + 63*f - 52. Determine z(-22).
14
Let v(z) = 11*z**3 + 2*z**2 + z + 1. Determine v(-1).
-9
Let n(o) = 8*o + 57. Give n(-7).
1
Let x(z) = -110*z - 657. Calculate x(-6).
3
Let u(r) = 3*r**2 - 5*r - 49. Calculate u(-5).
51
Let g(m) = -53*m**2 + 10*m - 9. Calculate g(1).
-52
Let m(b) = -b**3 + 16*b**2 - 15*b + 21. Determine m(15).
21
Let n(j) = j**2 - 10*j - 29. Determine n(12).
-5
Let u(o) = o**2 - 21*o - 73. Determine u(24).
-1
Let v(d) = -d**3 - 5*d**2 + d - 5. Calculate v(-5).
-10
Let w(z) = -4*z - 22. Give w(-4).
-6
Let z(l) = 2*l**3 - 9*l + 10. Calculate z(2).
8
Let x(v) = v - 20. What is x(14)?
-6
Let k(y) = -2*y**3 + 13*y**2 + 2*y + 31. Give k(7).
-4
Let s(u) = -u**2 + 3*u - 1. Determine s(5).
-11
Let o(s) = -s**2 - 12*s - 36. Give o(-8).
-4
Let d(y) = -4*y**2 - 9*y - 14. Calculate d(-5).
-69
Let j(o) = 31*o + 2. What is j(-1)?
-29
Let n(g) = 2*g**2 + 9*g - 9. Determine n(-7).
26
Let m(t) = -4*t**2 + 2*t + 7. Give m(-1).
1
Let r(g) = g**2 + 11*g + 20. What is r(-9)?
2
Let a(c) = 16*c + 7. Determine a(4).
71
Let t(l) = 4*l**2 + 3*l - 19. Determine t(3).
26
Let t(r) = -10*r - 111. Give t(-11).
-1
Let l(k) = 2*k**3 - 3*k**2 - 2*k - 6. Determine l(3).
15
Let f(q) = q**2 + 6*q - 6. Determine f(-6).
-6
Let f(l) = -l + 3. What is f(1)?
2
Let q(g) = 4*g**3 - 2*g**2 - 3*g + 3. Determine q(2).
21
Let o(w) = 5*w + 4. Calculate o(2).
14
Let m(j) = -3*j - 2. Calculate m(-2).
4
Let p(r) = 2*r**2 - 19*r + 2. What is p(8)?
-22
Let y(t) = -2*t**2 + 8*t - 9. Calculate y(2).
-1
Let s(j) = j**3 + 12*j**2 + 21*j + 24. Calculate s(-10).
14
Let u(c) = -8*c + 16. What is u(-6)?
64
Let z(u) = -30*u - 13. What is z(-2)?
47
Let j(g) = -g + 1. Calculate j(8).
-7
Let x(w) = -w**3 - 4*w**2 - 4*w - 2. Calculate x(-5).
43
Let f(d) = d**3 - d**2 - 3*d - 2. Calculate f(-1).
-1
Let x(u) = u**3 + 13*u**2 - 3*u - 15. Calculate x(-13).
24
Let z(d) = 2*d + 17. Determine z(-5).
7
Let w(p) = -p**2 + 4*p. Give w(-4).
-32
Let b(j) = -6*j + 6. Give b(7).
-36
Let t(a) = 6*a**2 + 2*a. What is t(1)?
8
Let y(c) = -c**3 - 4*c**2 + 27*c + 39. Calculate y(-7).
-3
Let w(u) = u**2 - 46*u - 104. Give w(48).
-8
Let u(z) = 23*z**3 - z**2 + z + 1. Give u(1).
24
Let v(k) = 2*k. Calculate v(8).
16
Let w(l) = l**2 + 18*l + 17. Calculate w(-17).
0
Let o(z) = -z**3 - 10*z**2 + 3*z + 21. What is o(-10)?
-9
Let q(t) = -t**2 + 4*t + 5. Give q(3).
8
Let m(d) = 2*d**3 - 108*d**2 + 5. Determine m(54).
5
Let g(w) = -27*w - 6. What is g(-3)?
75
Let n(p) = -p**2 + 11*p - 3. What is n(9)?
15
Let x(s) = -26*s - 131. What is x(-6)?
25
Let c(l) = -l**3 + 16*l**2 - 13*l - 48. Calculate c(15).
-18
Let y(t) = -t**3 - 35*t**2 - 37*t - 17. Determine y(-34).
85
Let a(g) = -12*g - 35. Give a(9).
-143
Let g(j) = 8*j**2 - 2*j + 1. Determine g(1).
7
Let s(a) = -a**3 + 5*a**2 + a - 9. What is s(4)?
11
Let d(o) = 4*o**2 - 32*o + 3. Calculate d(8).
3
Let j(i) = i**2 + 7*i + 9. Calculate j(-8).
17
Let o(f) = 15*f - 250. Determine o(17).
5
Let y(n) = -n**3 - 10*n**2 + 22*n - 28. Give y(-12).
-4
Let h(c) = 16*c**2 - 3*c + 1. What is h(1)?
14
Let s(z) = -2*z + 4. Calculate s(2).
0
Let n(o) = -2*o**2 + 14. Determine n(0).
14
Let y(s) = s**3 - 3*s**2 - 6. Determine y(4).
10
Let o(x) = -3*x - 16. What is o(-6)?
2
Let q(y) = -8*y**3 + 2*y**2 - 7*y + 12. Calculate q(2).
-58
Let k(i) = i + 54. Determine k(5).
59
Let d(u) = -u**2 + 10*u - 18. Determine d(9).
-9
Let d(n) = 3*n + 5. What is d(8)?
29
Let m(t) = t**3 + 4*t**2 + t + 3. What is m(-5)?
-27
Let c(g) = -3*g**2 - 32*g - 16. Give c(-10).
4
Let u(a) = -191*a + 766. What is u(4)?
2
Let t(i) = 8*i**2 + 68*i - 40. Determine t(-9).
-4
Let c(z) = 10*z**2 + 28*z - 30. What is c(1)?
8
Let p(n) = 3*n**3 + 2*n**2 - 2*n + 2. What is p(1)?
5
Let h(z) = z**2 - 18*z + 54. Calculate h(8).
-26
Let m(i) = 5*i - 23. Calculate m(0).
-23
Let n(m) = 7*m - 148. What is n(23)?
13
Let y(z) = -z**3 + 5*z**2 - 2*z. Give y(3).
12
Let p(j) = 86*j**2 + 1. Determine p(-1).
87
Let p(r) = 4*r**3 + r**2 + 4*r - 4. Give p(2).
40
Let t(f) = -f**3 + 9*f**2 - 22*f + 44. What is t(7)?
-12
Let b(s) = s - 52. What is b(46)?
-6
Let g(l) = l**2 + 2*l - 3. Calculate g(-5).
12
Let k(q) = 8*q + 76. Give k(-12).
-20
Let l(g) = -11*g**2 + 2*g + 2. What is l(-1)?
-11
Let b(r) = 28*r**3 - 3*r**2 + 4*r - 2. Calculate b(1).
27
Let d(y) = 13*y - 104. Give d(9).
13
Let p(h) = -h**3 - 4*h**2 - h + 1. Calculate p(-4).
5
Let c(y) = -y**3 + y - 3. Determine c(-2).
3
Let o(g) = -16*g + 6. Determine o(4).
-58
Let c(r) = -r**3 + 8*r**2 - 9*r + 10. Calculate c(7).
-4
Let m(n) = n**3 - 8*n**2 - 8*n - 4. What is m(9)?
5
Let p(c) = -c**3 + c**2 + 12*c - 5. What is p(6)?
-113
Let y(m) = -m**3 + 7*m**2 - 11*m + 4. What is y(5)?
-1
Let h(p) = -2*p - 9. What is h(-6)?
3
Let m(v) = v**2 - 83. What